Suppose 0 = -2*d - 2*d - 2*s + c, -5*d - 4*s = -715. What is the hundreds digit of d?
1
Let k(r) = r**3 - 9*r**2 + 11*r - 25. Let v be k(8). What is the tens digit of (-28)/(-49)*(6 - v) - -312?
1
Let a(v) = -v - 2. Let y be a(-8). Let u = -3 + y. Suppose 4*b = -u*m + 229, 5*m - 4*b - 420 = -3*b. What is the tens digit of m?
8
Let g(i) = 600*i**3 - 3*i**2 + 40*i - 143. What is the ten thousands digit of g(4)?
3
Let o(h) = -h**2 - 111*h - 1236. What is the hundreds digit of o(-96)?
2
Let x(g) = -g - 8. Let m be x(1). What is the units digit of ((-21)/(-14))/(m/(-1722))?
7
Suppose -2*v + 2*m = -14, -2*v - m - 1 + 6 = 0. Suppose 2 + 3 = y, 0 = v*b - y - 239. What is the tens digit of b?
6
Let l = 51 + -44. Suppose 3*p = l + 5. Suppose p*h - 4 = 0, -4*j - 2*h + 4*h + 246 = 0. What is the tens digit of j?
6
Let f(r) = -3*r**3 - 10*r**2 + 4*r + 30. Let d(k) = -k**3 - 8*k**2 + 4*k + 70. Let u be d(-7). What is the tens digit of f(u)?
4
Let s(n) = -1325*n - 13410. What is the units digit of s(-25)?
5
Suppose 5*y - 178276 = 4*g, y + 269*g - 35654 = 271*g. What is the thousands digit of y?
5
Let g(c) = -109*c + 41. Suppose 4*a - 2*r + 22 = -4*r, 3*r + 18 = -a. What is the units digit of g(a)?
8
Suppose 15*c - 58539 - 49683 + 14502 = 0. What is the tens digit of c?
4
Suppose 5*c + 1974 = -0*c + y, -2*y - 2 = 0. Let q = -301 - c. What is the tens digit of q?
9
Let j(w) = 3*w**2 + 2*w. Let d(a) = 2*a + 9. Let k be d(-3). Suppose k*x + 1 = 3*n + 4, -10 = -5*n. What is the tens digit of j(x)?
3
Let q be (-584)/(-6)*(-435)/(-10) + -4. Suppose 6*r = 21*r - q. What is the units digit of r?
2
Let s = -53 - -59. Suppose s*i - 2*i - 4*o + 68 = 0, -71 = 3*i + 2*o. What is the tens digit of 1604/14 - i/49?
1
Suppose -5*x = 0, 107*x - 30456 = -4*c + 110*x. What is the units digit of c?
4
Suppose -b = -14*b - 3458. Let r = 451 + b. What is the tens digit of r?
8
Let x(m) = -m**2 - 19*m + 30. Let f be x(-18). Suppose 0 = b + 7*b + f. What is the tens digit of (-2)/((-24)/1186) - 1/b?
9
Let k(w) = w - 3. Let u be k(11). Let x(l) = -l**2 + 11*l - 4. Let s be x(u). Suppose 5*y - s = 115. What is the tens digit of y?
2
What is the hundreds digit of 3517344/102 - 168/(-714)?
4
What is the thousands digit of (29/2)/(6 - (-34775)/(-5798))?
6
Suppose -4*b + 7*b - 25 = 5*n, -2*b + 22 = -2*n. Suppose b*a - 151 = 14*a. What is the hundreds digit of a?
1
Suppose v = -t - 1623, 0*v + t = v + 1631. Let b = v + 3425. What is the hundreds digit of b?
7
Let c(g) = 4068*g - 9246. What is the ten thousands digit of c(7)?
1
Let g = -51 - -58. Suppose 3*i - 13640 = -g*i. What is the tens digit of i?
6
Let t be ((-4)/4)/(-3 + 2). Let d be t/(-3) + 6/(36/782). Suppose 338 = 8*p + d. What is the tens digit of p?
2
Let n(w) = -107*w**2 - 17*w - 16. Let z(f) = f**2 - 2. Let j(p) = -n(p) - 6*z(p). What is the thousands digit of j(-4)?
1
Let a be (-2 - -18)/2 - (0 - -1). Suppose -v + 241 = 3*o, a*o - 2*o + 504 = 2*v. Suppose 8*j - 73 = v. What is the units digit of j?
0
Suppose 31 = 7*z + 10. Suppose 0 = -z*t, -15*j - 162 = -16*j - 2*t. What is the units digit of j?
2
Suppose -4*z = -2*z - 8. Suppose 0 = 2*b - 3*c - 166, -z*b - 263 = -7*b + c. What is the tens digit of b?
8
Let t be (-23832)/20*(-20)/3. Suppose -61*g - t = -67*g. What is the tens digit of g?
2
Let r = 5550 - 3521. What is the thousands digit of r?
2
Suppose 0 = 12*p - 83*p + 974475. What is the units digit of p?
5
Let s = 34171 - 26445. What is the tens digit of s?
2
Suppose -7*x + 4884 = -6876. Suppose -3*h = -0*h + 2*n - x, 0 = -3*h + 2*n + 1692. What is the tens digit of h?
6
Let h be (-180)/(-8)*32/5*-12. Let k = h + 2915. What is the hundreds digit of k?
1
Let w = -37 - -40. Let z be 75 - w/(-6)*6. What is the tens digit of (z/(-5))/((-6)/15)?
3
Suppose 944 = 25*q - 21*q. Suppose 4*c + q = 2*y, -2*c = 2*y - 6*y + 112. Let z = c - -92. What is the units digit of z?
2
Let m = 62 - 57. Let j(a) = 4*a - 14. Let t be j(m). Let d(p) = 2*p**3 - 7*p**2 - 12*p + 4. What is the units digit of d(t)?
2
What is the units digit of (2698/(-8))/((-39)/2808)?
2
Let a(z) = -75*z - 6694. What is the tens digit of a(-137)?
8
Let k = 38341 + -1391. What is the hundreds digit of k?
9
Suppose 5*b + 871 = 18*b. Suppose 3*x + b = g - x, 2*g = x + 155. Let w = g + -60. What is the tens digit of w?
1
What is the hundreds digit of ((-40)/(-10) + 75/4)*356?
0
Let h be (-23074)/(-4) + (-322)/92. Suppose 0 = 4*p + 2*a - 5762, 4*p + 8*a - 9*a = h. What is the units digit of p?
1
Let z(v) = 2*v**2 + 4*v - 2. Let q be z(4). Suppose -5*l - 5 = 0, -3*d = -0*d + 5*l - 130. Let h = q - d. What is the units digit of h?
1
Let c be 12/18 - (5/3 - -3). Let x be -8 + 11 + (-3 - c). Suppose -n + 5*v + 138 = 0, -n - 2*v = x*n - 744. What is the hundreds digit of n?
1
Let c be (-1 - -4) + (0 - 0 - 1). Suppose -r = -a - 25 - 396, -c*a = 6. What is the tens digit of r?
1
Suppose 3*i + 5*c - 101057 = 0, -4*c - 53966 - 47136 = -3*i. Suppose 65*g - i = 19476. What is the hundreds digit of g?
8
What is the thousands digit of 34506 + -24*(-13)/(-39)?
4
Suppose -3*v = 4*c - 93245, 18*v - 5*c = 19*v - 31089. What is the ten thousands digit of v?
3
Let z be 2*4*5/8. Suppose -z*u = -7*u + 70. What is the tens digit of 21/u - (-462)/5?
9
Let o(c) = 24 - c**3 + 3*c + 5*c - 5*c - 6 - 12*c**2. What is the units digit of o(-13)?
8
Let x = 3962 - 2182. What is the thousands digit of x?
1
Let l(r) = -3*r + 28. Let y be l(12). What is the hundreds digit of (-14 + y)*309/(-6)?
1
Let n = -22606 + 32954. What is the thousands digit of n?
0
Let k = -3 + 23. Suppose 11*i - k*i + 10872 = 0. What is the tens digit of i?
0
Suppose -2*z + l = -869, -9*l + 849 = 2*z - 6*l. Suppose 5*w + 4*t = 3354, -246 - z = -w + t. What is the units digit of w?
4
Suppose -7*a = 3 - 17. Suppose a*z - 4*c + 6 - 44 = 0, -4*z + 4*c = -84. What is the units digit of z?
3
Suppose 0 = -68*d - 12*d - 3680. Suppose 3*w - 185 = -4*g + 198, 2*g = -5*w + 629. Let s = d + w. What is the tens digit of s?
7
Suppose -11*c = 14387 - 53052. Suppose 0 = 5*z + 5*s - c, 5*z - s = 3*s + 3542. What is the units digit of z?
6
What is the units digit of (-14 - (12 + -27))*(19526/2 - -2)?
5
Suppose 19 + 29 = -8*o. Let t be (-17)/((12/16)/(9/o)). Suppose t*g + 31 = 35*g. What is the tens digit of g?
3
Let y be 18*((-35)/14 - -3). Suppose 16*d - 4305 = y*d. What is the hundreds digit of d?
6
Let t = -425 - -429. Suppose -13*o + t*w + 2102 = -10*o, 2*o + 4*w = 1408. What is the tens digit of o?
0
Suppose -2*z = 10*z - 48. Suppose -z*j - 4*u - 1 = -u, -3*u = 2*j - 7. What is the units digit of -17*(2*(-2)/j - 2)?
7
Suppose -2195*u - 247752 = -2207*u. What is the thousands digit of u?
0
Let g = -93 - -101. Let q(f) = 17*f**2 + 18*f + 9. Let z be q(g). Suppose 5*t - z = 74. What is the units digit of t?
3
Suppose -29 = 2*q + 91. Let x = q - 1. Let u = x - -95. What is the units digit of u?
4
Let g(t) = -t**3 - 32*t**2 - 23*t - 112. Let o be g(-32). Suppose 27*y - o - 1023 = 0. What is the units digit of y?
1
Let s(m) = m**3 - 16*m**2 + 12*m - 19. Let o be s(16). Let j = 59 + o. What is the tens digit of j?
3
Suppose -2*g = -3*y - 6, -5*y - 3 = -2*g + 3. Suppose 6 = -17*r + 20*r. Suppose 0 = r*o - g*f - 91, -5*f = -f + 4. What is the tens digit of o?
4
Suppose 0 = 38*a - 12*a + 25376. Let w = -525 - a. What is the hundreds digit of w?
4
Let s(o) = o**2 - 8*o + 65. Let r = -256 - -279. What is the hundreds digit of s(r)?
4
Let g = -3886 + 5770. What is the hundreds digit of g?
8
Let y be (2 - 0) + (160 - 3). Suppose -11*b - y = -8*b. Let a = b + 105. What is the units digit of a?
2
Let a = -26441 - -37672. What is the ten thousands digit of a?
1
Let g = 71 - 68. Suppose -g*j - 4*a = -229 - 469, -3*a - 964 = -4*j. What is the tens digit of 30/(-45) + (2 - j/(-6))?
4
Let o = 18949 + -2257. What is the hundreds digit of o?
6
Let q = 0 - -6. Suppose 2*u + q = -0, 3*u = 2*p - 111. Let d = 155 - p. What is the hundreds digit of d?
1
Let w(t) = 21896*t - 566. What is the hundreds digit of w(3)?
1
Suppose 0 = 4*a + 12, 3*u + a + 4*a - 243 = 0. Let b = 84 - u. What is the tens digit of 1/(b/(-198)) - (2 - 1)?
9
Let s = -54 + 7970. What is the thousands digit of s?
7
Let r(i) = -4*i - 18*i**3 + 34*i**3 + 14*i**3 - i**2 + 5. What is the units digit of 